= 0. Let q(t) = -t**2 - 6*t - 3. What is the units digit of q(o)?
5
Let i(n) = 6*n**3 + 3*n**2 + 2*n - 1. What is the hundreds digit of i(3)?
1
Suppose -34*o + 2982 + 3988 = 0. What is the units digit of o?
5
Let f(y) be the third derivative of 0*y - 1/120*y**6 - 1/60*y**5 + 0*y**3 - 2*y**2 + 0 - 1/24*y**4. What is the tens digit of f(-3)?
2
Suppose 3 = -2*p + 4*c + 19, -10 = -p + 3*c. Suppose -6 - p = 5*j. What is the units digit of 21*1 - (-4 - j)?
3
Let s(g) = -g**3 + 6*g**2 - 4*g - 2. Let c be s(5). Suppose -c*d - 3 = -3*t - 7*d, -d - 12 = 5*t. What is the tens digit of 696/16 + t/2?
4
Suppose -5*p + 210 = -0*p. Let z = 1 + p. What is the tens digit of z?
4
Suppose 4*a + 0 = 3*u - 6, 0 = -3*a. Let v(q) = 39*q - 605. Let l be v(16). Suppose -3*w = -5*f - 161, -2*w + u*f = -87 - l. What is the tens digit of w?
5
Let y(n) be the third derivative of -n**6/120 - n**5/15 - n**4/12 + n**3/2 - 13*n**2. What is the tens digit of y(-5)?
3
Suppose 1891 = i + 5*t, 3*i = 6*t - 4*t + 5656. What is the tens digit of i?
8
What is the units digit of (30/7 - 4) + (-2456)/(-28)?
8
Suppose 835 + 500 = 5*u. Suppose 5*r - 2*r - u = 0. Suppose 2*f + 3*h - 17 = 76, 2*f - h = r. What is the units digit of f?
5
Let b(a) = a**3 + 14*a**2 + 20*a + 37. What is the hundreds digit of b(-10)?
2
Suppose -5*l = 2*x - 737, 7*l + 1790 = 5*x + 9*l. What is the hundreds digit of x?
3
Let a(d) = 7*d + 4. Let t = -2 + 9. What is the units digit of a(t)?
3
Suppose -29*u - 17611 = -104002. What is the thousands digit of u?
2
Suppose 12643 = 9*l + 4255. What is the units digit of l?
2
Let a(l) = l**3 + 5*l**2 - 19*l + 6. What is the tens digit of a(-7)?
4
Let d = -9 - -15. Let y(v) = 16*v + 12 - 59*v + 22*v + 29*v. What is the units digit of y(d)?
0
Let q(j) = 47*j - 11. Let r = -17 + 20. What is the tens digit of q(r)?
3
What is the units digit of (-7 + (-1468 - 1))*2/(-4)?
8
Let r(t) = 2*t**2 + 5*t - 5. Suppose 0*s = -4*s - 2*l + 14, l - 5 = 0. Suppose 3*h = s + 5. What is the tens digit of r(h)?
1
Let i = -37 - -33. What is the tens digit of ((-10)/2)/(i/136)?
7
Let z(o) = -o - 13. Let j be z(-4). What is the tens digit of (12/j)/(2/(-399))?
6
Let i = 15 - 15. Suppose -b - 5*f + 60 = 0, 0*b + 5*b + f - 276 = i. Let a = b + -24. What is the tens digit of a?
3
Let a be (-8)/(5 - (-6)/(-2)). Let z(u) be the second derivative of -u**3/6 - u**2 + u. What is the units digit of z(a)?
2
Let n = 412 - 231. Suppose 2*x + 172 = 5*k + x, 5*k = -2*x + n. What is the tens digit of k?
3
Let t(o) = 27*o - 64. What is the units digit of t(14)?
4
Suppose 226*n - 223*n = 36. Suppose -10*b - 178 = -n*b. What is the tens digit of b?
8
Suppose -12*v + 9*v = -3822. What is the units digit of v?
4
Let z(h) = h**3 - 11*h**2 + 11*h - 10. Let l be z(10). Suppose -2*y + 0 + 2 = l. Let r(p) = 55*p + 2. What is the tens digit of r(y)?
5
Let a(i) = 4 - 6*i - 22 - 7. What is the tens digit of a(-7)?
1
Let x(r) = -9*r**2 - 4*r**2 - 1 - 5*r + 4*r. Let o be x(-1). Let t = 35 + o. What is the units digit of t?
2
Let w(i) be the second derivative of 5*i**3/3 + i**2/2 - 2*i. Let s(q) = 2*q. Let c(v) = -6*s(v) + 2*w(v). What is the tens digit of c(1)?
1
Let v(y) = y**3 - 17*y**2 - 61*y - 16. What is the hundreds digit of v(26)?
4
Suppose -3*v + 3*p - 72 = -174, 2*v + 3*p - 83 = 0. What is the units digit of v?
7
Let h(w) = 5*w - 1. Let k be h(1). Suppose k*r + 10 + 2 = 0. What is the units digit of (-12)/(-1*(r - -5))?
6
Let a(o) = 155*o**2 + o + 4. What is the thousands digit of a(5)?
3
Let j(r) = 2*r**2 - 19*r - 9. Let q = 46 + -31. What is the units digit of j(q)?
6
Let m(j) = -9*j + 4. Let r(z) = z - 4. Let h be r(7). Let l be m(h). Let w = -10 - l. What is the units digit of w?
3
Suppose 5*u = r + 18615, 92*u + 3717 = 93*u + r. What is the tens digit of u?
2
Suppose -44*j + 153010 - 36586 = 0. What is the units digit of j?
6
Let r(v) = -v**3 + 12*v**2 - 10*v - 6. Let i be r(11). Suppose 6 = -f + i. What is the units digit of 3/f - 10*-1?
7
What is the thousands digit of 4150 - (1 + 3 - 11)?
4
Let j be (12/18)/((-1)/3). Let b(m) = -19*m + 4. Let y be b(j). Let o = 75 - y. What is the tens digit of o?
3
Suppose 99 = -5*t + 2039. Suppose -b + t = 7*s - 2*s, -3*s = 3*b - 228. What is the tens digit of s?
7
Let h(u) = -2*u**2 - 5*u + 5. Let x be h(2). Let v = 8 - x. Suppose -5*n + 273 = o + v, 0 = -5*n + 2*o + 261. What is the tens digit of n?
5
Let g(j) = -11 - 1 + j**2 - 4*j - j. Suppose -3*q = 5*u - 39, 32 = 4*u - 6*q + 8*q. What is the tens digit of g(u)?
2
Let y(f) = 4 - 14 + 78*f + f**2 + 10*f**2 - 79*f. What is the units digit of y(-4)?
0
Suppose 4*r - 13*r + 432 = 0. What is the units digit of r?
8
Suppose z - 2 - 5 = 0. Suppose z*y = -230 + 1238. What is the tens digit of y?
4
Let c = 1653 + -749. What is the tens digit of c?
0
Let r(a) = 12*a. Let w be r(-13). What is the tens digit of (-9)/2*w/18?
3
Let x(w) = -w**2 + 13*w + 29. Let c be x(17). Let f = c - -82. What is the units digit of f?
3
Suppose 46 = 4*j + 26. Suppose -2*p - 17 + 329 = -4*a, j*p + 2*a - 756 = 0. What is the units digit of p?
2
Let z = 892 - 773. What is the hundreds digit of z?
1
Suppose -21*w + 4*w = 391. Let s(v) = v**3 + 24*v**2 + 15*v + 6. What is the tens digit of s(w)?
9
Suppose 0 = -5*f - 5*t + 790, 12 = -4*t + t. What is the tens digit of f?
6
Let w(a) = 20*a**2 + 9*a + 10. What is the units digit of w(3)?
7
Suppose 0 = 2*j - 5 - 3. Suppose 3*p + 2 = 5. Suppose j = o + p. What is the units digit of o?
3
Suppose 2*y = -4*c - 4, y - 5*c - 5 = -2*y. Suppose -4 = -v + 2. What is the tens digit of y - 69/v*-2?
2
Suppose -3*r - j = 205, 5*r - 3*j - 55 = 6*r. Let c = -49 - r. What is the tens digit of c?
2
Let u(p) = -p**3 + 12*p**2 - 3*p - 16. Suppose 245*y = 250*y - 45. What is the hundreds digit of u(y)?
2
Let w = -59 + 65. Let c(g) = 3*g**2 + 4*g - 10. What is the tens digit of c(w)?
2
Let r = -1 + 4. Suppose 36 = r*o - 0*o. Suppose 5*m + 5*d = 85, 0 = m + 3*d - 13 - o. What is the tens digit of m?
1
Let n be (504/(-20))/(2/(-10)). Let d = 368 - n. What is the hundreds digit of d?
2
Let s be (22/33)/(2/(-3)). Let c be (8 - -4)/(1 - s). Suppose c*k - 4*k - 18 = 0. What is the units digit of k?
9
What is the thousands digit of (-17)/((-85)/7880) + -9?
1
Let z be (28/8)/(1/2 - 0). Suppose -11*u = -z*u - 64. What is the tens digit of u?
1
Let u(r) = r**3 + 7*r**2 - 5*r + 13. Let q be u(-7). Let s = 103 - q. What is the units digit of s?
5
What is the units digit of (-218)/((18/12)/((-3)/2))?
8
What is the tens digit of (-2)/63*-3 + 134285/105?
7
Suppose 0 - 3 = -o - 3*a, -3*a = -2*o + 33. What is the units digit of (-68)/(-8) - (-6)/o?
9
Suppose 0 = 13*d - 10*d - 3*s - 1215, 5*s - 381 = -d. What is the hundreds digit of d?
4
Suppose 0 = -3*c + 4*f + 3286, -5*f = -4*f - 2. What is the units digit of c?
8
Suppose -316*f = -346*f + 80190. What is the hundreds digit of f?
6
What is the units digit of (4 + -1 + (-1605)/5)/(-2)?
9
Let s(j) be the second derivative of j**5/20 + 7*j**4/6 - j**3/2 - 4*j**2 + 6*j. What is the tens digit of s(-14)?
3
Let m(g) = -22*g + 16. Let v be m(9). What is the units digit of (-6)/(-4) - v/28?
8
Let g = 3545 + 216. What is the units digit of g?
1
Let j = -246 + 473. What is the units digit of j?
7
Let z(n) = 2*n - 4. Let t(x) = x**2 + 3*x - 14. Let w be t(-6). Let k be z(w). Suppose j + 2*f - 78 = -j, k*f = j - 19. What is the tens digit of j?
3
Let d be 0/2*(-6)/12. Let r = d - 4. Let l = r - -12. What is the units digit of l?
8
Suppose 1782 = -11*z + 37169. What is the thousands digit of z?
3
Let v(o) = 20*o + 3. Let d be v(5). Suppose 205 = 4*p - d. What is the tens digit of p?
7
Let v be (4/4 + -2)*-1. Let o be v*((-8)/4 + 2). Suppose o = -5*t - 0*x + 2*x + 106, -x = -2*t + 42. What is the tens digit of t?
2
Suppose 4*a - 5270 = 1366. What is the tens digit of a?
5
Let o = 237 + 489. What is the tens digit of o?
2
Suppose 24*f = 14*f + 6200. What is the units digit of f?
0
Let u = 15 + -10. Let r(l) = 2*l**2 - l + 9. What is the tens digit of r(u)?
5
Let w = 3317 + -707. What is the hundreds digit of -2*(-6)/(-15)*w/(-12)?
1
Let r = 2877 + -655. What is the units digit of r?
2
Let i = -11 - -8. Suppose 4*f = f + 27. What is the units digit of (-6)/f*54/i?
2
Let y = 161 - 161. Suppose 15*j - 267 - 